actor of d and 13?
13
Let i = 2 - -3. Suppose -i*q + 6 = -14. Let v be 6/(((-15)/18)/(-5)). Calculate the greatest common factor of q and v.
4
Let a be 33 - 1 - (-2)/(-1). Suppose -2*y + 143 = 3*f - a, 284 = 5*f - y. Let h = f - 24. What is the greatest common divisor of h and 11?
11
Let d(q) be the second derivative of -q**3/6 - 7*q**2/2 - 3*q. Let g be d(-10). Calculate the highest common divisor of g and 15.
3
Let y(g) = 12*g + 8. Let a be y(6). Let f = -1264 + 1274. Calculate the highest common factor of a and f.
10
Suppose -5*f - 2*z + 0 = -17, 0 = 4*z + 16. Suppose f*l = -18 + 648. What is the highest common divisor of 18 and l?
18
Let b(z) = -z**2 + 4*z + 2. Let m be b(4). Suppose -m*q = 3*q - 240. Suppose 0 = -o + 6. Calculate the highest common divisor of o and q.
6
Let n = -16 + 43. Let r = -15 + n. Calculate the highest common factor of r and 3.
3
Let w(d) = -4*d - 1. Let p be w(-8). What is the highest common factor of p and 217?
31
Let z = 100 + -48. What is the highest common divisor of z and 39?
13
Suppose 6*m - 240 = 2*m. Suppose -k - 24 + 114 = 0. Calculate the greatest common factor of m and k.
30
Let m = 67 + -17. Calculate the highest common factor of 20 and m.
10
Let y(a) = -a**2 + 21*a - 12. Let x be y(8). Calculate the greatest common divisor of 23 and x.
23
Let q = 32 + -8. What is the greatest common factor of 168 and q?
24
Let g = 10 + -10. Suppose 5*d = g, -l = l + d - 12. What is the highest common factor of l and 6?
6
Suppose -13*z + 12 + 144 = 0. Calculate the highest common divisor of z and 28.
4
Let c = 6 + -11. Let i = c + 19. Calculate the greatest common divisor of i and 35.
7
Let f be ((-4)/5)/(610/(-75) - -8). Calculate the greatest common divisor of f and 2.
2
Suppose 0 = -u - 4*u + 5*g, 20 = -5*g. Let r = 12 - u. Let q be (-21)/14 + (-326)/(-4). What is the highest common factor of q and r?
16
Let t(i) = -i**2 + 11*i - 10. Let q be t(10). Suppose -2*j + 6*j - 8 = q. Let f be (-40 - j)/(-3) + 0. What is the greatest common factor of f and 70?
14
Let s(t) = t**3 + 7*t**2 - 4*t - 6. Let w be s(-7). Suppose 0 = -2*n - 2*j + 76, 4*n = -0*n - j + 137. Calculate the highest common divisor of w and n.
11
Suppose 38 = 5*u - 3*g, -3*u + 7*u = -2*g + 48. Let l be -3 + -73*1/(-1). Calculate the highest common factor of u and l.
10
Suppose -2*q + 2*t + 6 = -0, t - 3 = -2*q. Let h(o) = -9*o**3 + o + 1. Let u be h(-1). Let a be q/u - 1051/(-9). What is the highest common factor of 13 and a?
13
Let n(c) = 9*c**3 - c + 1. Let y be n(1). Let z be -6*((-6)/y)/1. Suppose -55 = z*f - 451. Calculate the greatest common factor of 9 and f.
9
Let s = 0 - -6. Suppose -s = 2*n - n. Let p be 12/(-18) - 40/n. What is the highest common divisor of 18 and p?
6
Let t = 19 + -12. Let g(s) = -s**2 + 10*s - 15. Let p be g(t). Calculate the highest common divisor of p and 48.
6
Suppose 126 + 70 = i + 4*u, -5*u = -20. Let k(p) = 3*p + 5. Suppose 2*h + 5 = 3*h. Let v be k(h). What is the highest common divisor of v and i?
20
Let v(q) = 43*q - 38. Let y be v(6). Suppose -2*g + 41 = -3*m, -5*g + 11 = 3*m - 102. What is the highest common divisor of g and y?
22
Suppose -4*z = 2*z - 336. Calculate the greatest common divisor of z and 7.
7
Suppose 0*a - 2*a = -90. What is the highest common factor of a and 5?
5
Suppose -3*x + 10 = -14. Let m = 132 + -76. What is the highest common factor of m and x?
8
Let l be 16/72 - 38/9. Let j(u) = -2*u. Let z be j(l). What is the highest common divisor of z and 72?
8
Let j(a) = 2*a**2 + 19*a - 11. Let p be j(-15). Suppose 20 = x - o, 5*x - 2*o + 35 = 141. What is the greatest common factor of x and p?
22
Suppose 5*h - 5*r = 70, -h + 2*r = 6*r + 1. Let k(c) = -4*c - 1. Let g be k(-3). What is the greatest common divisor of g and h?
11
Suppose 0 = -3*b - 0*b + 288. Suppose 3*k + 2*c = 36, 24 = -0*k + 2*k + 5*c. What is the highest common divisor of b and k?
12
Let o be -5 + 36/6 - (0 - 6). Suppose -2*j + j + 2*d + 3 = 0, 0 = 2*d + 4. Let g be (-2 - j)*-7*3. Calculate the greatest common divisor of g and o.
7
Let n = -2 + 1. Let a be 0 + (6 + -1)/n. Let k = 14 - a. Calculate the greatest common factor of k and 133.
19
Suppose 55 = 2*x - 69. What is the greatest common factor of 155 and x?
31
Let n(y) = 4*y**2 + 7*y - 17. Let z(l) = -2*l**2 - 3*l + 9. Let o(d) = 3*n(d) + 5*z(d). Let r be o(-5). Calculate the greatest common factor of r and 14.
14
Suppose -4*x = 5*o - 561, -5*x + 360 = 2*o - 354. Let z be ((-12)/(-14))/(1/7). Suppose -3*s + z*s = 54. Calculate the highest common divisor of s and x.
18
Let u = 4 + -1. Suppose 0 = -u*c - 7 + 25. Calculate the greatest common factor of 18 and c.
6
Suppose 3*n + 384 = 6*n. Suppose -3*v + n = -4*k, -4*v + 4*k + 91 + 73 = 0. What is the greatest common divisor of 90 and v?
18
Let r = -1 + -34. Let o be 7/21 - r/3. What is the highest common divisor of o and 60?
12
Suppose 13 = n + z, -n - 3*z + 0 + 19 = 0. Calculate the greatest common factor of 30 and n.
10
Let o be 315/30*(-8)/3. Let f be o*(-3 + 5)*-1. Calculate the greatest common divisor of f and 7.
7
Let w(p) = -4 + 2 - 3*p + p**2 - 5. Let y be -1 - 11/((-22)/12). Let g be w(y). What is the greatest common divisor of g and 15?
3
Suppose 500 = -4*f - 148. Let j be (-4)/(-10) - (-904)/(-10). Let o = j - f. Calculate the greatest common divisor of 8 and o.
8
Let q be 2/(-4) + 131/2. Suppose 0 = 5*g - a - 129, -76 = -3*g - 0*a + 2*a. Calculate the highest common divisor of q and g.
13
Let r = 0 + 2. Suppose 7*q - r*q = 30. Let j = q - 4. Calculate the greatest common factor of 2 and j.
2
Suppose a + 3*a - 168 = 0. Let u = 40 - 0. Suppose u = 3*i - 2*o, -2*i + 5*o + 24 = o. Calculate the highest common divisor of a and i.
14
Let a be 216/4*3/6. Let m be ((-18)/a)/(1/(-126)). What is the highest common factor of 21 and m?
21
Suppose -5*q = 2*h - 14, 0 = -4*q + 6*q - 2*h. Let z(k) = 6*k**2 - k + 0 - q*k + 1 - k**3. Let r be z(2). Calculate the greatest common factor of r and 33.
11
Suppose -5*q + 99 = g, 0 = q - g - 0*g - 15. Suppose -93 = -5*l + 2. What is the greatest common factor of l and q?
19
Let m = -34 - -64. Let a(f) = -f**2 - 5*f - 9. Let r be a(-6). Let t be (r/6)/((-1)/30). What is the highest common divisor of t and m?
15
Suppose -4*z = -7*z. Suppose 2*u - 41 = -3*v - 2*u, z = 3*u + 12. What is the highest common divisor of 57 and v?
19
Let q = 1 + 5. Suppose -y + q = y. What is the highest common factor of y and 6?
3
Let r(k) = 6*k - 57. Let j be r(21). What is the highest common divisor of 46 and j?
23
Let i(h) = -4*h - 16. Let m be i(-6). Suppose 57 = 4*u - 71. Calculate the highest common factor of u and m.
8
Let x = -26 + 8. Let w be -4 + 1 + 0 - -1. Let i be -1 + w - -4 - x. What is the greatest common divisor of i and 114?
19
Let n = 33 - 3. Let b = n - 20. Calculate the greatest common factor of 1 and b.
1
Let b(m) = -m. Let s be b(-4). Suppose -1 = s*c - 37. Let d be (c/(-6))/((-3)/4). Calculate the greatest common divisor of 5 and d.
1
Let c = -15 + 10. Let q = 4 - c. Calculate the greatest common divisor of q and 3.
3
Let y be (-5)/20 - ((-74)/8 + -1). What is the greatest common factor of 25 and y?
5
Let q(h) = -h**3 - 8*h**2 - 8*h - 2. Let d be q(-7). Let t(p) = 1 + 5*p - 3 + d - 4*p + 2*p**2. Let y be t(3). Calculate the highest common divisor of 6 and y.
6
Let d(p) = p**2 + 4*p - 7. Suppose 3*g + 23 = 5. Let u be d(g). Suppose 0 = 3*i + 2*i - u. What is the highest common divisor of 9 and i?
1
Suppose i = -3*i + 8. Suppose 3*b = -i*d - d + 24, -b - 14 = -d. Let s be (-1 + -2)*220/(-15). Calculate the highest common divisor of s and d.
11
Suppose 9*x - 39 - 492 = 0. Calculate the greatest common factor of 413 and x.
59
Suppose -2*p + 10 = 3*p. Let z be 286/12 - (-2)/12. Suppose -259 = -2*u + 5*n, p*u + 4*n - 292 = -z. What is the greatest common factor of u and 12?
12
Let m be (-78)/26 + 1 + 4. Calculate the greatest common factor of 10 and m.
2
Let y = -30 + 190. What is the greatest common divisor of 20 and y?
20
Let x = -2 + -2. Let k be (x + -1)*(8 - 10). Calculate the greatest common factor of 2 and k.
2
Let k = 11 + 13. Let u be (-6 + -1)/(2/(-4)). Suppose -u - 6 = -4*s + 2*n, 5*s = n + 19. What is the greatest common divisor of k and s?
3
Let h be (6/2 - 4)*-17. Suppose -86 = -3*x - 